{"id":83,"date":"2022-01-25T00:58:28","date_gmt":"2022-01-25T00:58:28","guid":{"rendered":"https:\/\/sipentel.cl\/website\/?page_id=83"},"modified":"2026-01-22T14:55:37","modified_gmt":"2026-01-22T14:55:37","slug":"datos-de-contacto","status":"publish","type":"page","link":"https:\/\/sipentel.cl\/website\/datos-de-contacto\/","title":{"rendered":"Datos de Contacto"},"content":{"rendered":"\n<p class=\"has-normal-font-size\">Les recordamos que nuestra sede del <strong>Sindicato de Ingenieros y Profesionales Entel S.A.<\/strong>, ubicada en <strong>Nueva Amun\u00e1tegui 1417, Santiago<\/strong>, est\u00e1 disponible para atender sus consultas y requerimientos.<\/p>\n\n\n\n<p class=\"has-normal-font-size\">Para coordinar una visita o agendar una reuni\u00f3n, pueden escribirnos a <strong>g_sinding@entel.cl<\/strong>. Con gusto gestionaremos una hora que se ajuste a sus necesidades.<\/p>\n\n\n\n<iframe src=\"https:\/\/www.google.com\/maps\/embed?pb=!1m14!1m8!1m3!1d26633.61244409987!2d-70.65611!3d-33.444055!3m2!1i1024!2i768!4f13.1!3m3!1m2!1s0x9662c5a7cab39edf%3A0xc03c9a3f24fcbfde!2sNva%20Amun%C3%A1tegui%201417%2C%20Santiago%2C%20Regi%C3%B3n%20Metropolitana%2C%20Chile!5e0!3m2!1ses-419!2sus!4v1643072119533!5m2!1ses-419!2sus\" style=\"border:0;\" allowfullscreen=\"\" loading=\"lazy\" width=\"100%\" height=\"450\"><\/iframe>\n\n\n\n<p><\/p>\n","protected":false},"excerpt":{"rendered":"<p>Les recordamos que nuestra sede del Sindicato de Ingenieros y Profesionales Entel S.A., ubicada en Nueva Amun\u00e1tegui 1417, Santiago, est\u00e1 disponible para atender sus consultas y requerimientos. Para coordinar una visita o agendar una reuni\u00f3n, pueden escribirnos a g_sinding@entel.cl. Con &hellip; <a href=\"https:\/\/sipentel.cl\/website\/datos-de-contacto\/\">Continuar<\/a><\/p>\n","protected":false},"author":1,"featured_media":0,"parent":0,"menu_order":0,"comment_status":"closed","ping_status":"closed","template":"","meta":{"footnotes":""},"class_list":["post-83","page","type-page","status-publish","hentry"],"_links":{"self":[{"href":"https:\/\/sipentel.cl\/website\/wp-json\/wp\/v2\/pages\/83","targetHints":{"allow":["GET"]}}],"collection":[{"href":"https:\/\/sipentel.cl\/website\/wp-json\/wp\/v2\/pages"}],"about":[{"href":"https:\/\/sipentel.cl\/website\/wp-json\/wp\/v2\/types\/page"}],"author":[{"embeddable":true,"href":"https:\/\/sipentel.cl\/website\/wp-json\/wp\/v2\/users\/1"}],"replies":[{"embeddable":true,"href":"https:\/\/sipentel.cl\/website\/wp-json\/wp\/v2\/comments?post=83"}],"version-history":[{"count":2,"href":"https:\/\/sipentel.cl\/website\/wp-json\/wp\/v2\/pages\/83\/revisions"}],"predecessor-version":[{"id":907,"href":"https:\/\/sipentel.cl\/website\/wp-json\/wp\/v2\/pages\/83\/revisions\/907"}],"wp:attachment":[{"href":"https:\/\/sipentel.cl\/website\/wp-json\/wp\/v2\/media?parent=83"}],"curies":[{"name":"wp","href":"https:\/\/api.w.org\/{rel}","templated":true}]}}